+ 2*b + 40, 4*h + b = -40 + 11. Let m be r(h). List the prime factors of 0/m - (5 - 12).
7
Suppose -6*o + 3*o + 191 = -p, 4*p = 5*o - 316. Let d = o + 134. List the prime factors of d.
2, 3, 11
Let r = -777 - -555. Let p = 101 - r. What are the prime factors of p?
17, 19
Let v = -267 - -2340. List the prime factors of v.
3, 691
Let n(j) = 2*j**2 - 7. Let q(t) = -t + 10. Let g be q(7). Let d be n(g). Suppose -d*m + 88 = -7*m. What are the prime factors of m?
2, 11
Let w(f) = -f**3 + 43*f**2 - 238*f - 73. List the prime factors of w(29).
4799
Let u(a) = 90*a**2 + 21*a - 76. List the prime factors of u(3).
797
Let s(u) = 14*u**2 + 4*u + 3. Let q be ((-4)/10)/(9/45). Let i be s(q). Let h = i + -28. List the prime factors of h.
23
Let y(u) = 31*u - 55. Let q be (3 - -3*16/(-12)) + 10. List the prime factors of y(q).
2, 7
Let h = -171 + 414. Suppose 6*r = 3*r + h. List the prime factors of r.
3
Let h(u) = u**3 - 10*u**2. Let l = 3 + 7. Let n be h(l). Suppose -d + 4*d - 126 = n. List the prime factors of d.
2, 3, 7
Let l(z) = -z**3 - 9*z**2 - 6*z + 8. Let d be l(-8). Let k(b) = 123*b + 4 - 126*b + 13. What are the prime factors of k(d)?
41
Suppose 0 = -3*k + 29 + 1. Suppose -19 + k = -3*f. What are the prime factors of (f - (3 + 3)) + 8?
5
Suppose -2*t + 158 = -816. What are the prime factors of t?
487
What are the prime factors of 202*((-6)/(-4) + -1)?
101
Let g be 1/(-2 - -1 - 0). Let y(a) = 9*a**2 + 2*a + 2. Let k be y(g). Suppose 0 = -k*z + 11*z - 82. What are the prime factors of z?
41
Suppose 2*y - 3 + 7 = 0. What are the prime factors of y/(10/5)*1*-111?
3, 37
Let w = 19 - 15. Suppose n = -w*n. Suppose -3*c + n = -9. What are the prime factors of c?
3
What are the prime factors of 222*(-4)/(-3) - 12/3?
2, 73
Let f(b) = -b**2 + b**2 - 8 + 3*b - b**3 - 4*b**2. Let r be f(-5). Suppose -r*l - 26 = -4*l. What are the prime factors of l?
13
Suppose -402 = -3*m + 648. List the prime factors of m.
2, 5, 7
Suppose -o = 2*o + 141. List the prime factors of 2/4*(-9 - o).
19
What are the prime factors of 96/1 - (3 - 8)?
101
Let x = 69 - -128. What are the prime factors of x?
197
Suppose 0 = -4*p + 8 + 4. Suppose 0 = k - 2*d - 356, -k - d = -p*k + 706. What are the prime factors of k?
2, 11
Let x = -79 + 212. List the prime factors of x.
7, 19
Suppose 6*y + 12 + 0 = 0. What are the prime factors of 35/y*68/(-17)?
2, 5, 7
List the prime factors of (-4)/((2/222)/(1548/(-216))).
2, 37, 43
Suppose -2038 = -25*l + 862. What are the prime factors of l?
2, 29
Suppose c + 3 = -2*a + 9, 4*c = -4*a + 12. Let n be (7 - a - -1)*5. Suppose n = 3*q + 2*d, -2*q = -d - 5 - 7. What are the prime factors of q?
7
Suppose i + 13 = -9. Let v = -22 - i. Suppose -3*r + 69 = -v*r. What are the prime factors of r?
23
What are the prime factors of -6 + ((-45)/(-9) - -860)?
859
Let z be 0/1 - (-4 - -8). Let i = 5 - z. Let q = i + 17. List the prime factors of q.
2, 13
Let h(s) = -s + 7. Let f(x) = 3*x - 14. Let a(w) = -6*f(w) - 13*h(w). Suppose 4*r - 2*r = -12. What are the prime factors of a(r)?
23
Let t be 24 - (-9)/(18/(-4)). Suppose 3*x = -2*i, 4*i + t = -0*i + 5*x. List the prime factors of 1 - i - -1*43.
47
Let r = -350 - -401. List the prime factors of r.
3, 17
Suppose 0*i - 12 = -6*i. List the prime factors of 802/8 - (i/8 - 1).
101
Suppose -11 = -0*k - k. Suppose -5*h - k + 86 = 0. Let v = h + -3. List the prime factors of v.
2, 3
Let k = 43 + 5. Let o = 284 - k. List the prime factors of o.
2, 59
Let u(c) = 5*c**2 + c - 4. Let h(d) = 4*d**2 + d - 3. Let j(x) = 6*h(x) - 5*u(x). Let l be j(2). Suppose w - 11 = -l*w. List the prime factors of w.
11
Suppose -4*l - 90 = -2*g, -62 = -2*g + 2*l + 36. Suppose 2*s - g = 3. Let u = s - 10. List the prime factors of u.
2, 3
Let c(b) = -3*b**2 + 4 - 5*b - b**2 + 3*b**2 - 5. Suppose 3*u - 2 = -14. List the prime factors of c(u).
3
Let s(v) = v**2 - 11*v + 2. Let o(w) = -12*w + 2. Let z(t) = -3*o(t) + 4*s(t). List the prime factors of z(5).
2, 31
Let h be (-32)/14 - (-4)/14. Let l(r) = -r**3 - r**2 + 10*r - 13. Let w be l(-4). What are the prime factors of (h/w)/((-1)/(-55))?
2, 11
Suppose l + 36 = -f, 4*l - f - 3*f = -120. List the prime factors of ((-26)/3*-1)/((-2)/l).
11, 13
Let m(a) = -a**3 - 46*a**2 - 97*a - 106. What are the prime factors of m(-44)?
2, 5, 29
Suppose -153*y - 19796 = -167*y. What are the prime factors of y?
2, 7, 101
Let u(o) = 26*o**2 + 4*o + 1. Let m be u(-2). Let g = m + -17. What are the prime factors of g?
2, 5
Let z(r) = 242*r + 9. List the prime factors of z(11).
2671
Let n(d) = d - 3. Let t be n(2). Let f be (-4 - t) + -30 + -3. List the prime factors of (1 - 0 - f) + 1.
2, 19
Suppose -10*s + 3917 = -1393. List the prime factors of s.
3, 59
Suppose -5*q = 4*d - 24, 6*q = 2*q + 4*d + 12. Suppose q*a + l = 331, 4*a - a - 258 = -4*l. What are the prime factors of a?
2, 41
Let d = -2849 - -4102. What are the prime factors of d?
7, 179
Let g(t) = -2*t**2 - 14*t - 9. Let c be g(-6). Suppose 0 = f - 4, -c*b + 208 = f. List the prime factors of b.
2, 17
List the prime factors of ((-2096)/5)/(24/(-60)).
2, 131
Suppose 0*v + g - 52 = v, 0 = -3*v + 2*g - 161. Let x = v + 134. List the prime factors of x.
7, 11
Suppose -49274 = -15*f + 14296. List the prime factors of f.
2, 13, 163
Let l = -124 + 1416. List the prime factors of l.
2, 17, 19
Let m be (10/(-35) + (-13346)/(-14))*1. Suppose -m = -4*v - 129. List the prime factors of v.
2, 103
Suppose 0 = 5*v - 3*t - 2455, -t = -4*v + 3*t + 1956. What are the prime factors of v?
2, 13, 19
Let s(d) = -5*d**2 - 120*d + 19. What are the prime factors of s(-20)?
419
Let j be 12/7 + 10/35. Let i(w) = -2*w**2 + 11*w - w**2 + 2*w**j - 2. What are the prime factors of i(8)?
2, 11
Suppose -12*z + 20*z - 7024 = 0. What are the prime factors of z?
2, 439
Suppose -3*f - 4*z + 798 = -1470, 2277 = 3*f + z. What are the prime factors of f?
2, 5, 19
Suppose -4*n + 2*f = -104, 5*f - 60 = -3*n + 2*f. Let a = 40 - n. List the prime factors of -3 + (-3 - -4) + a.
2, 7
List the prime factors of -5*10/(-40)*89*40.
2, 5, 89
Let q = 84 + 77. What are the prime factors of q?
7, 23
Let k(q) = -5 + 36 + 2*q - q - 2. Let d be (1 + -1)*(-6)/12. What are the prime factors of k(d)?
29
Let t = 1372 + -460. What are the prime factors of t?
2, 3, 19
Suppose -3*i = -5*i + 8. Suppose -28 = -i*q + 172. List the prime factors of q.
2, 5
Suppose -3*x + o = -9, -4*x + 3*x + o = -3. Suppose 3*s = -x*s + 216. List the prime factors of s.
2, 3
Let w be (-1 + 255)*5/((-25)/(-5)). Let l = 361 - w. List the prime factors of l.
107
Suppose -5*x + 2179 = 3*m, -3*m - 2*x + 6*x = -2134. Suppose 5*w - 462 - m = 0. Suppose -4*z + w = 4*i, -4*i + 3 + 47 = z. List the prime factors of z.
2, 31
Let s be (-128)/(-9) + 4/(-18). Let q = s + 8. List the prime factors of q.
2, 11
Suppose 5*q + 39 + 51 = 0. Let m be (-274)/q + 18/(-81). Suppose -z + m = 2*z. List the prime factors of z.
5
Suppose 3*z + 5*n - 12248 = 0, 985 = 2*z - 5*n - 7197. List the prime factors of z.
2, 3, 227
Let l = -75 - -85. What are the prime factors of l?
2, 5
Suppose 9*j - 15 - 3 = 0. Suppose 0 = w - 2*r - 200, -3*w + 575 = j*r - 3*r. What are the prime factors of w?
2, 5, 19
Let h = 33 + -56. Let j = h + 31. Suppose j*n = 7*n + 24. List the prime factors of n.
2, 3
Suppose 5*m + 6641 = 2*r - 2125, -21915 = -5*r - 5*m. What are the prime factors of r?
3, 487
Let v be -1*(0 + 1) - -10. Suppose 5*k = -5*o - 2355, -5*k + 16 + v = 0. List the prime factors of 6/15 + o/(-35).
2, 7
Let d(y) = 24*y + 586. List the prime factors of d(45).
2, 7, 17
Let l(h) = -2*h**2 + 11*h - 2. Let b be l(5). Let j(u) be the third derivative of u**5/10 - u**4/3 + 2*u**3/3 + 2*u**2. What are the prime factors of j(b)?
2, 17
Suppose p - 5*d = 3, 13*d + 6 = 2*p + 15*d. What are the prime factors of p?
3
Suppose 4 = 3*r - 47. Let o = 10 - r. What are the prime factors of ((-3)/(-1))/(o/(-105))?
3, 5
Let t = 21 + -12. Suppose -1 = 3*r + 2*v + t, -2*r - 3*v = 0. What are the prime factors of (-111)/(-7) + r/(-42)?
2
Let f(q) = 1502*q**3 - 11*q**2 + q + 1. What are the prime factors of f(1)?
1493
Suppose 0 = 7*f - 13*f + 582. Suppose -4*h = -f - 47. List the prime factors of h.
2, 3
List the prime factors of -10 - (-419556)/108 - 4/(-18).
5, 31
List the prime factors of (124/7)/(-